3*j = m + 9. Let z(y) = j*y + 4 - 3 - 10*y. What is z(1)?
-7
Let g(k) = 5*k - 2. Suppose o + 0*o - 3 = 0. What is g(o)?
13
Let d(i) be the third derivative of i**5/30 + i**4/24 + i**3/6 + 6*i**2. What is d(-1)?
2
Let r(t) = 2*t**3 + t**2 - 3*t - t**3 + 5 - 1. Let j = 10 - 6. Suppose -j*c - 1 - 11 = 0. What is r(c)?
-5
Let q(j) = -j**2 + 7*j + 2. Let u(y) = -3*y**2 + 21*y + 7. Let v(c) = -11*q(c) + 4*u(c). Determine v(6).
12
Let b(c) be the first derivative of -c**2/2 + 36. Suppose 5*w - 2*f = 2*w + 10, -w + 4 = -f. Determine b(w).
-2
Let l(t) be the first derivative of -t**4/12 - t**3 - t**2/2 - t - 1. Let y(x) be the first derivative of l(x). Suppose 9 = -3*h - 6. Give y(h).
4
Let x(k) be the first derivative of 1/4*k**4 + 1/3*k**3 - k - 1 + 1/2*k**2. Let f(d) = d**3 + 4*d**2 + 3*d - 2. Let z be f(-3). Give x(z).
-7
Let t(s) = s**2 - 2*s + 3*s - 3 + 7*s + 5. What is t(-8)?
2
Let p be (17 + -15)*(-2)/2. Let j(u) = -5*u**2 - 2*u. What is j(p)?
-16
Let m(a) = -3*a. Let u be 4/(0 + (-6)/(-3)). Let w(c) be the third derivative of -c**4/24 - 7*c**2. Let i be w(u). Determine m(i).
6
Let t be 4/(-14) + (-16)/(-7). Suppose -5*j - 11 = -111. Suppose t*a + 3*a = j. Let r(z) = z**3 - 6*z**2 + 7*z - 4. Calculate r(a).
-8
Let y(q) = -q - 3*q + 3*q - q**2 - 4*q. Let i = 6 + -4. Let x be 2*-4*1/i. What is y(x)?
4
Let b(h) = 4*h. Let t(u) = -u**3 + 2*u**2 + 8*u + 2. Let f be t(4). Determine b(f).
8
Let p(h) = h - 5. Let b(q) be the second derivative of 3*q**2 + 3*q. Let o(m) = -3*b(m) - 4*p(m). Calculate o(3).
-10
Let c(u) = -3*u - 3*u + 0*u + 4*u + 4. Suppose 0 = -4*d + 12, 6*y + 5*d = 4*y + 17. Let p = 2 + y. What is c(p)?
-2
Suppose 0 = -2*g + 3 + 1. Let k(z) = -3*z**3 - 3*z**2 + 4*z**3 - z - g*z**3 - 1. Suppose 2*x + 4 + 2 = 0. What is k(x)?
2
Let z(v) = v**3 + 4*v**2. Suppose -2 = j - 26. Suppose 5*k = 4 - j. Give z(k).
0
Let d(x) = -x**2 - 8*x - 13. Let q be d(-5). Let m(o) = 2*o**3 - o**2 - 3*o + 3. Calculate m(q).
9
Let w(t) = -t**2 + 7*t - 5. Let l(p) = -3*p**2 + 20*p - 15. Let b(j) = 6*l(j) - 17*w(j). Determine b(0).
-5
Let r = 11 - 9. Let w(c) = r - 2 + 4*c + 5 + 1. Calculate w(-4).
-10
Let c(n) = -n - 2. Let x(k) = -2*k - 6. Let u(v) = 3*v + 6. Let d(j) = 3*u(j) + 4*x(j). Let t be d(10). Give c(t).
-6
Suppose -2 = 2*x - 2*g - 4, -3*x + 4*g = -8. Let c(k) = k + 8. Let f be c(-6). Let a(r) = 3*r - 6 - f*r - 3*r. Give a(x).
2
Suppose 4*w + 8 = -0*s - s, 4*w + 16 = 0. Suppose 4*j = -4*l + 12, 0 = -2*l - 4*j + j + s. Let o(p) = -p. Determine o(l).
-1
Suppose -2*m - 3*y + 11 = 0, 2*m - 5*y - 3 = -0*m. Let z(b) be the first derivative of -3*b + m*b - 2*b - 1 + 2*b**2 + 2. Give z(-2).
-9
Let d = 0 + -5. Let o = -2 - d. Let g(y) = o - 5 - 2*y - 4. What is g(-4)?
2
Let p(x) = -5*x**2 - x - 7. Let d be (-2 + -3)*(-6)/(-5). Let r(o) = o. Let w be r(d). Let m(s) = s**2 + s + 1. Let v(k) = w*m(k) - p(k). Determine v(-4).
5
Let p(g) = 3*g - 9. Let i(k) = 4*k - 14. Let o(v) = 5*i(v) - 7*p(v). Determine o(-6).
-1
Let a(m) = 2 + 0 - 5 - 3*m. Let u be a(-2). Let f(b) = -u*b**2 - 3 + b**2 - 7*b + 3*b. What is f(-3)?
-9
Let j(a) = a**2 - 5*a + 2. Suppose -2*p = 3*p - 10. Suppose -4*x + 7 = -3*y - 24, -2*y = 3*x - p. Give j(x).
-2
Let a = 63 - 251/4. Let f(t) be the first derivative of a*t**4 - 5*t + 0*t**2 - 1 + 5/3*t**3. Calculate f(-5).
-5
Let c(x) be the second derivative of x**5/20 - x**4/4 + x**3/6 - 3*x**2/2 + 25*x. Give c(3).
0
Suppose 0 = -m + 1 + 5. Let w(y) = y**2 - 6*y + 4. Determine w(m).
4
Let d be 3*1/((-12)/(-8)). Let j(k) = k + 0*k + 4*k + 4 - d*k**2. Determine j(4).
-8
Let j(b) be the second derivative of b**5/20 + b**4/3 + b**3/6 - b**2/2 - b. Let x(i) = i**2 - 9*i + 10. Let l be x(7). Determine j(l).
-5
Let x(n) = -2*n - 1. Let r(s) = 2*s - 3 - 4*s + s. Let o be r(-4). Suppose -k = -5 + 1, 0 = 5*t - k - o. What is x(t)?
-3
Let j(z) = z**3 + 11. Suppose -o - 1 = -2*o. Suppose -3*y + a - 2 = o, 5*a - 15 = 4*y. Calculate j(y).
11
Let f(p) = -p**3 + 5*p**2 + 7*p - 8. Suppose 3*x - 1 = -5*u, x - 4*x - 9 = 0. Suppose 0 = 6*m - m + 3*o - 14, 0 = m + 4*o + 4. Let q = m + u. Calculate f(q).
-2
Let w be (32/(-12) + 2)*(-3)/2. Let b(m) = -8*m + 1. Calculate b(w).
-7
Let i(w) = -w**3 + 7*w**2 - w + 1. Let b be 17 - 12/(8/2). Suppose -3*x + b = -x. Give i(x).
-6
Suppose 2*w + 0*w - 4 = 0. Let d(t) = 2*t - 2*t - 4 - 4*t + w*t. Give d(-4).
4
Let m(u) be the second derivative of u**4/12 + u**3/6 - u**2 + 45*u. Determine m(0).
-2
Let k(j) be the first derivative of -j**5/120 - j**4/12 - 5*j**3/3 + 1. Let a(o) be the third derivative of k(o). Calculate a(5).
-7
Let s(g) be the first derivative of -g**3/3 - g**2/2 + 2*g + 1. Let n be s(-2). Let p(q) = 222 - 216 + q - 2*q. Calculate p(n).
6
Let b(f) = -5*f + 6. Let a(n) = 11*n - 13. Let m(z) = 2*a(z) + 5*b(z). What is m(6)?
-14
Let r = -4 - -7. Suppose -r*s + 12 = -0*s. Let y(f) = -s*f + 5*f - 5 + 4. Give y(3).
2
Let q be 7/3 + 2/(-6). Let x(c) be the second derivative of -c**5/10 + c**4/6 + c**3/6 + c**2/2 + 54*c. Give x(q).
-5
Let k(j) = 2*j + 8. Let s(x) = x. Let v(y) = k(y) - 4*s(y). Calculate v(7).
-6
Let g(n) = -n**3 + 6*n**2 + n - 5. Let a be g(6). Suppose 3*w = 4 - a. Let p be w/(-2*(-2)/(-4)). Let x(m) = -9*m**2 - m. Determine x(p).
-8
Let b(w) = 2*w**2 - 4*w. Let m = -6 - -8. Suppose -m*z + 6 = -0. Give b(z).
6
Let f = 3 - -1. Suppose -5*x = -4*l - 3, l + 5*x - 6 = f*l. Let c(a) = -a**2 - 2. What is c(l)?
-11
Suppose 0 = j - 4*m + 14 - 5, 0 = -3*j - 3*m + 18. Let k = 21 + -13. Let n = j - k. Let h(v) = -2*v - 5. Calculate h(n).
5
Let b(c) = -2*c + 9. Let d(v) = -1. Let o(i) = b(i) + 2*d(i). Calculate o(5).
-3
Let m = -15 + 4. Let i = m - -7. Let n(b) = -3*b - 3. What is n(i)?
9
Let a be 5/(-300)*2/(-2). Let h(f) be the third derivative of 0*f + 1/24*f**4 + 0 - a*f**5 - 1/3*f**3 - f**2 + 1/120*f**6. Give h(0).
-2
Let r(i) = -i + 11. Let k(u) = 0*u**2 - 2*u + 0 + u**2 + 2. Let l be k(3). What is r(l)?
6
Let r(x) = x**3 - 7*x**2 + 7*x - 5. Let z = -3 - -9. Calculate r(z).
1
Let a(y) = -2*y + 1 + 3*y**2 - 2 + 4*y. Give a(1).
4
Let c(l) = l**2 + 9*l - 1. Let s(g) = -g**3 - 12*g**2 - 11*g - 9. Let a be s(-11). Give c(a).
-1
Let u = -13 + 18. Let x(y) be the third derivative of y**5/60 - y**4/12 - y**3 + 7*y**2. What is x(u)?
9
Let b be 0 - 1/(1/(-6)). Let p(m) = -3 + 3 - 8*m + b*m + 6. Calculate p(5).
-4
Let k(j) be the second derivative of j**5/20 + 5*j**4/12 - 5*j**3/6 + 4*j**2 + 7*j. What is k(-6)?
2
Let y be (-15)/(-13) - (-6)/(-39). Let o(k) = 0 + 6*k**2 + y + 5*k + 2*k - 8*k. Calculate o(1).
6
Let c(x) be the first derivative of 4*x + 6 + 1/4*x**4 + 4/3*x**3 + 0*x**2. Calculate c(-4).
4
Let c(k) = -k - 7. Let j be c(-10). Let t(d) = -d**2 + 4*d - 3. Determine t(j).
0
Let m(a) be the second derivative of -a**5/20 - 5*a**4/12 - a**3/3 - 7*a**2/2 - 6*a - 5. Let u = -11 - -6. Determine m(u).
3
Let i = 8 - 11. Let q(c) = 3 + 3 - c - 2. What is q(i)?
7
Let v(z) = -2*z**2 + 19*z + 12. Let p be v(10). Let y(f) = -2 + 0 + 0 - f**2. Determine y(p).
-6
Let m(l) = -8*l + 1. Let q = 66 - 64. Calculate m(q).
-15
Suppose 2*n + 2*r + 8 = 0, -5*r + 6 + 4 = 0. Let l = n - -6. Let t(p) = -p**3 + p**2 - p + 2. Determine t(l).
2
Suppose -i - 8 = -4*j, -4*j + 2*j + 4*i = 10. Suppose -4*o + j = -9*o - 4*k, 0 = -o + 2*k + 5. Let s(l) = 2*l. What is s(o)?
2
Let u be 0/(-3) + 1 + -6. Let r(l) = -l**3 - 4*l**2 + 4*l - 3. Give r(u).
2
Let o(f) = f**2 - 1. Let k(q) = q**3 + 8*q**2 + q - 3. Let v(w) = -k(w) + 2*o(w). Determine v(-6).
7
Suppose -35 = -4*a - 31. Let t(j) = j + 6*j**2 - 3*j**2 - 1 + 3*j**2. Give t(a).
6
Let l(s) = -s**2 + s - 4. Let k(f) = 2*f**2 - 2*f + 5. Suppose 5*h = 2*h - 6. Let u(g) = h*k(g) - 3*l(g). Give u(0).
2
Let j = 11 - 6. Let w(h) be the second derivative of 0 - 1/2*h**2 + 1/20*h**j - 2*h - 1/3*h**4 - 5/6*h**3. What is w(5)?
-1
Let o(t) = -10*t**2 - 19*t + 2. Let q(g) = 7*g**2 + 13*g - 1. Let r(i) = 5*o(i) + 7*q(i). Suppose 5*w + 2*z = -18, w = -2*w + 2*z - 14. Calculate r(w).
3
Let s(p) = -p**3 + 8*p**2 - p + 3. Let t be s(8). Let k(w) = w + 4. Calculate k(t).
-1
Let z(o) = -4*o**3 - 2*o**2 + 5*o - 1. Let l(h) = -h**3 - h. Let d(k) = -3*l(k) - z(k). Suppose 0 = 3*p + 2*c + 1, 3*c + 0 + 6 = 0. Calculate d(p).
8
Let n(d) = -d**2 - 22*d - 44. Let f be n(-20). Let i(k) = k + 2. What is i(f)?
-2
Suppose 2*j = 